{"id":2292,"date":"2023-12-20T16:45:45","date_gmt":"2023-12-20T15:45:45","guid":{"rendered":"https:\/\/possimon.de\/simon\/?page_id=2292"},"modified":"2024-12-03T19:40:10","modified_gmt":"2024-12-03T18:40:10","slug":"metall-hohlrundleiste-modell-80-2000","status":"publish","type":"page","link":"https:\/\/possimon.de\/simon\/metall-hohlrundleiste-modell-80-2000\/","title":{"rendered":"Metall-Hohlrundleiste Modell 80\/2000"},"content":{"rendered":"\n<h2 class=\"wp-block-heading\">Metall-Hohlrundleiste Modell 80\/2000<\/h2>\n\n\n\n<h3 class=\"wp-block-heading\">mit eingearbeiteter Einscheidsicherung<\/h3>\n\n\n\n<hr class=\"wp-block-separator has-alpha-channel-opacity\"\/>\n\n\n\n<figure class=\"wp-block-gallery has-nested-images columns-4 is-cropped wp-block-gallery-1 is-layout-flex wp-block-gallery-is-layout-flex\">\n<figure data-wp-context=\"{&quot;imageId&quot;:&quot;69fb5e7c66c8e&quot;}\" data-wp-interactive=\"core\/image\" class=\"wp-block-image size-large wp-lightbox-container\"><img loading=\"lazy\" decoding=\"async\" width=\"1024\" height=\"1024\" data-wp-class--hide=\"state.isContentHidden\" data-wp-class--show=\"state.isContentVisible\" data-wp-init=\"callbacks.setButtonStyles\" data-wp-on-async--click=\"actions.showLightbox\" data-wp-on-async--load=\"callbacks.setButtonStyles\" data-wp-on-async-window--resize=\"callbacks.setButtonStyles\" data-id=\"2296\" src=\"https:\/\/possimon.de\/simon\/wp-content\/uploads\/2023\/12\/1_09-HRL-80-20-Dreieck-1024x1024.jpg\" alt=\"\" class=\"wp-image-2296\" srcset=\"https:\/\/possimon.de\/simon\/wp-content\/uploads\/2023\/12\/1_09-HRL-80-20-Dreieck-1024x1024.jpg 1024w, https:\/\/possimon.de\/simon\/wp-content\/uploads\/2023\/12\/1_09-HRL-80-20-Dreieck-300x300.jpg 300w, https:\/\/possimon.de\/simon\/wp-content\/uploads\/2023\/12\/1_09-HRL-80-20-Dreieck-150x150.jpg 150w, https:\/\/possimon.de\/simon\/wp-content\/uploads\/2023\/12\/1_09-HRL-80-20-Dreieck-768x768.jpg 768w, https:\/\/possimon.de\/simon\/wp-content\/uploads\/2023\/12\/1_09-HRL-80-20-Dreieck.jpg 1042w\" sizes=\"auto, (max-width: 1024px) 100vw, 1024px\" \/><button\n\t\t\tclass=\"lightbox-trigger\"\n\t\t\ttype=\"button\"\n\t\t\taria-haspopup=\"dialog\"\n\t\t\taria-label=\"Vergr\u00f6\u00dfern\"\n\t\t\tdata-wp-init=\"callbacks.initTriggerButton\"\n\t\t\tdata-wp-on-async--click=\"actions.showLightbox\"\n\t\t\tdata-wp-style--right=\"state.imageButtonRight\"\n\t\t\tdata-wp-style--top=\"state.imageButtonTop\"\n\t\t>\n\t\t\t<svg xmlns=\"http:\/\/www.w3.org\/2000\/svg\" width=\"12\" height=\"12\" fill=\"none\" viewBox=\"0 0 12 12\">\n\t\t\t\t<path fill=\"#fff\" d=\"M2 0a2 2 0 0 0-2 2v2h1.5V2a.5.5 0 0 1 .5-.5h2V0H2Zm2 10.5H2a.5.5 0 0 1-.5-.5V8H0v2a2 2 0 0 0 2 2h2v-1.5ZM8 12v-1.5h2a.5.5 0 0 0 .5-.5V8H12v2a2 2 0 0 1-2 2H8Zm2-12a2 2 0 0 1 2 2v2h-1.5V2a.5.5 0 0 0-.5-.5H8V0h2Z\" \/>\n\t\t\t<\/svg>\n\t\t<\/button><\/figure>\n\n\n\n<figure data-wp-context=\"{&quot;imageId&quot;:&quot;69fb5e7c67c9e&quot;}\" data-wp-interactive=\"core\/image\" class=\"wp-block-image size-full wp-lightbox-container\"><img loading=\"lazy\" decoding=\"async\" width=\"944\" height=\"944\" data-wp-class--hide=\"state.isContentHidden\" data-wp-class--show=\"state.isContentVisible\" data-wp-init=\"callbacks.setButtonStyles\" data-wp-on-async--click=\"actions.showLightbox\" data-wp-on-async--load=\"callbacks.setButtonStyles\" data-wp-on-async-window--resize=\"callbacks.setButtonStyles\" data-id=\"2293\" src=\"https:\/\/possimon.de\/simon\/wp-content\/uploads\/2023\/12\/2_09-HRL-80-20-Dreieck-Kappe.jpg\" alt=\"\" class=\"wp-image-2293\" srcset=\"https:\/\/possimon.de\/simon\/wp-content\/uploads\/2023\/12\/2_09-HRL-80-20-Dreieck-Kappe.jpg 944w, https:\/\/possimon.de\/simon\/wp-content\/uploads\/2023\/12\/2_09-HRL-80-20-Dreieck-Kappe-300x300.jpg 300w, https:\/\/possimon.de\/simon\/wp-content\/uploads\/2023\/12\/2_09-HRL-80-20-Dreieck-Kappe-150x150.jpg 150w, https:\/\/possimon.de\/simon\/wp-content\/uploads\/2023\/12\/2_09-HRL-80-20-Dreieck-Kappe-768x768.jpg 768w\" sizes=\"auto, (max-width: 944px) 100vw, 944px\" \/><button\n\t\t\tclass=\"lightbox-trigger\"\n\t\t\ttype=\"button\"\n\t\t\taria-haspopup=\"dialog\"\n\t\t\taria-label=\"Vergr\u00f6\u00dfern\"\n\t\t\tdata-wp-init=\"callbacks.initTriggerButton\"\n\t\t\tdata-wp-on-async--click=\"actions.showLightbox\"\n\t\t\tdata-wp-style--right=\"state.imageButtonRight\"\n\t\t\tdata-wp-style--top=\"state.imageButtonTop\"\n\t\t>\n\t\t\t<svg xmlns=\"http:\/\/www.w3.org\/2000\/svg\" width=\"12\" height=\"12\" fill=\"none\" viewBox=\"0 0 12 12\">\n\t\t\t\t<path fill=\"#fff\" d=\"M2 0a2 2 0 0 0-2 2v2h1.5V2a.5.5 0 0 1 .5-.5h2V0H2Zm2 10.5H2a.5.5 0 0 1-.5-.5V8H0v2a2 2 0 0 0 2 2h2v-1.5ZM8 12v-1.5h2a.5.5 0 0 0 .5-.5V8H12v2a2 2 0 0 1-2 2H8Zm2-12a2 2 0 0 1 2 2v2h-1.5V2a.5.5 0 0 0-.5-.5H8V0h2Z\" \/>\n\t\t\t<\/svg>\n\t\t<\/button><\/figure>\n\n\n\n<figure data-wp-context=\"{&quot;imageId&quot;:&quot;69fb5e7c68bad&quot;}\" data-wp-interactive=\"core\/image\" class=\"wp-block-image size-full wp-lightbox-container\"><img loading=\"lazy\" decoding=\"async\" width=\"944\" height=\"944\" data-wp-class--hide=\"state.isContentHidden\" data-wp-class--show=\"state.isContentVisible\" data-wp-init=\"callbacks.setButtonStyles\" data-wp-on-async--click=\"actions.showLightbox\" data-wp-on-async--load=\"callbacks.setButtonStyles\" data-wp-on-async-window--resize=\"callbacks.setButtonStyles\" data-id=\"2295\" src=\"https:\/\/possimon.de\/simon\/wp-content\/uploads\/2023\/12\/3_09-HRL-80-20-RL-Loch.jpg\" alt=\"\" class=\"wp-image-2295\" srcset=\"https:\/\/possimon.de\/simon\/wp-content\/uploads\/2023\/12\/3_09-HRL-80-20-RL-Loch.jpg 944w, https:\/\/possimon.de\/simon\/wp-content\/uploads\/2023\/12\/3_09-HRL-80-20-RL-Loch-300x300.jpg 300w, https:\/\/possimon.de\/simon\/wp-content\/uploads\/2023\/12\/3_09-HRL-80-20-RL-Loch-150x150.jpg 150w, https:\/\/possimon.de\/simon\/wp-content\/uploads\/2023\/12\/3_09-HRL-80-20-RL-Loch-768x768.jpg 768w\" sizes=\"auto, (max-width: 944px) 100vw, 944px\" \/><button\n\t\t\tclass=\"lightbox-trigger\"\n\t\t\ttype=\"button\"\n\t\t\taria-haspopup=\"dialog\"\n\t\t\taria-label=\"Vergr\u00f6\u00dfern\"\n\t\t\tdata-wp-init=\"callbacks.initTriggerButton\"\n\t\t\tdata-wp-on-async--click=\"actions.showLightbox\"\n\t\t\tdata-wp-style--right=\"state.imageButtonRight\"\n\t\t\tdata-wp-style--top=\"state.imageButtonTop\"\n\t\t>\n\t\t\t<svg xmlns=\"http:\/\/www.w3.org\/2000\/svg\" width=\"12\" height=\"12\" fill=\"none\" viewBox=\"0 0 12 12\">\n\t\t\t\t<path fill=\"#fff\" d=\"M2 0a2 2 0 0 0-2 2v2h1.5V2a.5.5 0 0 1 .5-.5h2V0H2Zm2 10.5H2a.5.5 0 0 1-.5-.5V8H0v2a2 2 0 0 0 2 2h2v-1.5ZM8 12v-1.5h2a.5.5 0 0 0 .5-.5V8H12v2a2 2 0 0 1-2 2H8Zm2-12a2 2 0 0 1 2 2v2h-1.5V2a.5.5 0 0 0-.5-.5H8V0h2Z\" \/>\n\t\t\t<\/svg>\n\t\t<\/button><\/figure>\n\n\n\n<figure data-wp-context=\"{&quot;imageId&quot;:&quot;69fb5e7c6992a&quot;}\" data-wp-interactive=\"core\/image\" class=\"wp-block-image size-full wp-lightbox-container\"><img loading=\"lazy\" decoding=\"async\" width=\"944\" height=\"944\" data-wp-class--hide=\"state.isContentHidden\" data-wp-class--show=\"state.isContentVisible\" data-wp-init=\"callbacks.setButtonStyles\" data-wp-on-async--click=\"actions.showLightbox\" data-wp-on-async--load=\"callbacks.setButtonStyles\" data-wp-on-async-window--resize=\"callbacks.setButtonStyles\" data-id=\"2294\" src=\"https:\/\/possimon.de\/simon\/wp-content\/uploads\/2023\/12\/4_09-HRL-80-20-RL-Loch-Kappe.jpg\" alt=\"\" class=\"wp-image-2294\" srcset=\"https:\/\/possimon.de\/simon\/wp-content\/uploads\/2023\/12\/4_09-HRL-80-20-RL-Loch-Kappe.jpg 944w, https:\/\/possimon.de\/simon\/wp-content\/uploads\/2023\/12\/4_09-HRL-80-20-RL-Loch-Kappe-300x300.jpg 300w, https:\/\/possimon.de\/simon\/wp-content\/uploads\/2023\/12\/4_09-HRL-80-20-RL-Loch-Kappe-150x150.jpg 150w, https:\/\/possimon.de\/simon\/wp-content\/uploads\/2023\/12\/4_09-HRL-80-20-RL-Loch-Kappe-768x768.jpg 768w\" sizes=\"auto, (max-width: 944px) 100vw, 944px\" \/><button\n\t\t\tclass=\"lightbox-trigger\"\n\t\t\ttype=\"button\"\n\t\t\taria-haspopup=\"dialog\"\n\t\t\taria-label=\"Vergr\u00f6\u00dfern\"\n\t\t\tdata-wp-init=\"callbacks.initTriggerButton\"\n\t\t\tdata-wp-on-async--click=\"actions.showLightbox\"\n\t\t\tdata-wp-style--right=\"state.imageButtonRight\"\n\t\t\tdata-wp-style--top=\"state.imageButtonTop\"\n\t\t>\n\t\t\t<svg xmlns=\"http:\/\/www.w3.org\/2000\/svg\" width=\"12\" height=\"12\" fill=\"none\" viewBox=\"0 0 12 12\">\n\t\t\t\t<path fill=\"#fff\" d=\"M2 0a2 2 0 0 0-2 2v2h1.5V2a.5.5 0 0 1 .5-.5h2V0H2Zm2 10.5H2a.5.5 0 0 1-.5-.5V8H0v2a2 2 0 0 0 2 2h2v-1.5ZM8 12v-1.5h2a.5.5 0 0 0 .5-.5V8H12v2a2 2 0 0 1-2 2H8Zm2-12a2 2 0 0 1 2 2v2h-1.5V2a.5.5 0 0 0-.5-.5H8V0h2Z\" \/>\n\t\t\t<\/svg>\n\t\t<\/button><\/figure>\n<\/figure>\n\n\n\n<hr class=\"wp-block-separator has-alpha-channel-opacity\"\/>\n\n\n\n<figure class=\"wp-block-table\"><table><tbody><tr><td>Maximale Leistenl\u00e4nge<\/td><td>2500mm<\/td><\/tr><tr><td>Leistendurchmesser<\/td><td>20mm<\/td><\/tr><tr><td>Leistenfarbe<\/td><td>bis 1000mm: PAS-schwarz, PAS-wei\u00df, PAS-alu, PAS-sterlingsilber\u00a0<a href=\"http:\/\/possimon.de\/simon\/wp-content\/uploads\/2017\/01\/wei%C3%9F-schwarz-sterling-alu.jpg\" target=\"_blank\" rel=\"noopener\" title=\"\"><img loading=\"lazy\" decoding=\"async\" width=\"30\" height=\"12\" src=\"http:\/\/possimon.de\/simon\/wp-content\/uploads\/2017\/01\/icon_color.gif\" alt=\"Farbleiste\"><\/a><br>bis 1000mm: Sonderfarben nach Farbkarte PAS-Standard auf Anfrage\u00a0<a href=\"http:\/\/possimon.de\/simon\/wp-content\/uploads\/2017\/01\/pas_standard_alle_mit_alu.jpg\" target=\"_blank\" rel=\"noopener\" title=\"\"><img decoding=\"async\" src=\"http:\/\/possimon.de\/simon\/wp-content\/uploads\/2017\/01\/icon_color.gif\" alt=\"PAS Standard alle Farben\"><\/a><br>ab 1001mm: PAS-schwarz oder PAS-wei\u00df\u00a0<a href=\"http:\/\/possimon.de\/simon\/wp-content\/uploads\/2017\/01\/schwarz.jpg\" target=\"_blank\" rel=\"noopener\" title=\"\"><img loading=\"lazy\" decoding=\"async\" width=\"30\" height=\"12\" src=\"http:\/\/possimon.de\/simon\/wp-content\/uploads\/2017\/01\/icon_color.gif\" alt=\"Farbleiste\"><\/a><\/td><\/tr><tr><td>Papierfleischanspruch<\/td><td>oben und unten je 12mm, maximal 9mm Wei\u00dfrand, 3mm als Farb\u00fcberf\u00fcllung<\/td><\/tr><tr><td>Aufh\u00e4ngung<\/td><td>Oberleiste mit Dreieckaufh\u00e4nger, Kunststoff, wei\u00df oder schwarz oder alufarben<br>Lochabstand 200mm und 400mm<br>Oberleiste links und rechts je 1x gelocht<\/td><\/tr><tr><td>m\u00f6gliches Aufh\u00e4ngezubeh\u00f6r<\/td><td>Metall-Dekohaken mit 1500mm Perlonfaden und Splint<br>Spiralhaken ausziehbar<\/td><\/tr><tr><td>m\u00f6gliches Zubeh\u00f6r<\/td><td>Unterleiste mit Stahlbeschwerungselement<br>mit Innenabschlusskappen in schwarz oder wei\u00df oder alufarben<br>mit eingearbeitetem Bindeband in wei\u00df<\/td><\/tr><\/tbody><\/table><\/figure>\n","protected":false},"excerpt":{"rendered":"Metall-Hohlrundleiste Modell 80\/2000 mit eingearbeiteter Einscheidsicherung Maximale Leistenl\u00e4nge 2500mm Leistendurchmesser 20mm Leistenfarbe bis 1000mm: PAS-schwarz, PAS-wei\u00df, PAS-alu, PAS-sterlingsilber\u00a0bis 1000mm: Sonderfarben nach Farbkarte PAS-Standard auf Anfrage\u00a0ab 1001mm: PAS-schwarz oder PAS-wei\u00df\u00a0 Papierfleischanspruch oben und unten je 12mm, maximal 9mm Wei\u00dfrand, 3mm als Farb\u00fcberf\u00fcllung Aufh\u00e4ngung Oberleiste mit Dreieckaufh\u00e4nger, Kunststoff, wei\u00df oder schwarz oder alufarbenLochabstand 200mm und 400mmOberleiste links","protected":false},"author":1,"featured_media":0,"parent":0,"menu_order":0,"comment_status":"closed","ping_status":"closed","template":"","meta":{"footnotes":""},"class_list":["post-2292","page","type-page","status-publish","hentry"],"aioseo_notices":[],"_links":{"self":[{"href":"https:\/\/possimon.de\/simon\/wp-json\/wp\/v2\/pages\/2292","targetHints":{"allow":["GET"]}}],"collection":[{"href":"https:\/\/possimon.de\/simon\/wp-json\/wp\/v2\/pages"}],"about":[{"href":"https:\/\/possimon.de\/simon\/wp-json\/wp\/v2\/types\/page"}],"author":[{"embeddable":true,"href":"https:\/\/possimon.de\/simon\/wp-json\/wp\/v2\/users\/1"}],"replies":[{"embeddable":true,"href":"https:\/\/possimon.de\/simon\/wp-json\/wp\/v2\/comments?post=2292"}],"version-history":[{"count":2,"href":"https:\/\/possimon.de\/simon\/wp-json\/wp\/v2\/pages\/2292\/revisions"}],"predecessor-version":[{"id":2392,"href":"https:\/\/possimon.de\/simon\/wp-json\/wp\/v2\/pages\/2292\/revisions\/2392"}],"wp:attachment":[{"href":"https:\/\/possimon.de\/simon\/wp-json\/wp\/v2\/media?parent=2292"}],"curies":[{"name":"wp","href":"https:\/\/api.w.org\/{rel}","templated":true}]}}